{"id":43,"date":"2017-10-25T16:58:17","date_gmt":"2017-10-25T18:58:17","guid":{"rendered":"http:\/\/ilharedonda.com.br\/site\/?page_id=43"},"modified":"2021-10-11T11:26:38","modified_gmt":"2021-10-11T14:26:38","slug":"caracteristicas","status":"publish","type":"page","link":"http:\/\/ilharedonda.com.br\/site\/caracteristicas\/","title":{"rendered":"Caracter\u00edsticas"},"content":{"rendered":"\n<h2>Benef\u00edcios da \u00e1gua termo-mineral de Ilha Redonda &#8211; Palmitos &#8211; SC<\/h2>\n\n\n\n<p>A uma temperatura de 37,7\u00baC na fonte e a 34\u00baC na 1\u00ba piscina coberta, nossa \u00e1gua proporciona muitos benef\u00edcios para a sa\u00fade humana: A\u00e7\u00e3o emoluente, cicatrizante, atuando tamb\u00e9m nas dores reum\u00e1ticas musculares, articula\u00e7\u00f5es (Artrite Remat\u00f3ide). A\u00e7\u00e3o revitalizante e relaxante. Excelente para pele e fortalecimento das c\u00e9lulas.<\/p>\n\n\n\n<p>Junto a recep\u00e7\u00e3o do Balne\u00e1rio Thermas Ilha Redonda \u00e9 poss\u00edvel beber a \u00e1gua que possui um PH de 8,66 e com uma composi\u00e7\u00e3o predominante de sulfato, s\u00f3dio, cloreto, bicarbonato, c\u00e1lcio al\u00e9m de outros minerais importantes para a sa\u00fade.<\/p>\n\n\n\n<div style=\"height:100px\" aria-hidden=\"true\" class=\"wp-block-spacer\"><\/div>\n\n\n\n<div class=\"wp-block-columns\">\n<div class=\"wp-block-column\">\n<h2>Componentes qu\u00edmicos<\/h2>\n\n\n\n<figure class=\"wp-block-table\"><table><tbody><tr><td>Bicarbonato<\/td><td>186,22 mg\/L<\/td><\/tr><tr><td>Carbonato<\/td><td>6,32 mg\/L<\/td><\/tr><tr><td>C\u00e1lcio<\/td><td>5,960 mg\/L<\/td><\/tr><tr><td>Ferro total<\/td><td>0,010 mg\/L<\/td><\/tr><tr><td>Magn\u00e9sio<\/td><td>0,661 mg\/L<\/td><\/tr><tr><td>Pot\u00e1ssio<\/td><td>2,117 mg\/L<\/td><\/tr><tr><td>Sil\u00edcio<\/td><td>9,136 mg\/L<\/td><\/tr><tr><td>S\u00f3dio<\/td><td>360,22 mg\/L<\/td><\/tr><tr><td>Cloreto<\/td><td>206,04 mg\/L<\/td><\/tr><tr><td>Fluoreto<\/td><td>1,74 mg\/L<\/td><\/tr><tr><td>Sulfato<\/td><td>343,66 mg\/L<\/td><\/tr><tr><td>Boro<\/td><td>0,815 mg\/L<\/td><\/tr><\/tbody><\/table><\/figure>\n<\/div>\n\n\n\n<div class=\"wp-block-column\">\n<h2>Aspectos f\u00edsicos<\/h2>\n\n\n\n<figure class=\"wp-block-table\"><table><tbody><tr><td>Aspecto ao natural<\/td><td>L\u00edmpida, Incolor<\/td><\/tr><tr><td>Temperatura na fonte<\/td><td>37,7\u00b0C<\/td><\/tr><tr><td>Ph a 25\u00b0C<\/td><td>8,66<\/td><\/tr><tr><td>Cor<\/td><td>ausente<\/td><\/tr><tr><td>Turbidez<\/td><td> ausente <\/td><\/tr><tr><td>S\u00f3lidos em suspens\u00e3o<\/td><td>ausentes<\/td><\/tr><tr><td>Odor ao natural<\/td><td>ausente<\/td><\/tr><tr><td>Condutividade a 25\u00b0C <\/td><td>1798 Us\/cm<\/td><\/tr><tr><td>Radioatividade  a 20\u00b0C  <\/td><td>16,20 Bq\/L<\/td><\/tr><tr><td>Dureza total em CaCO<sub>3<\/sub><\/td><td>22,00 mg\/L<\/td><\/tr><\/tbody><\/table><\/figure>\n<\/div>\n<\/div>\n","protected":false},"excerpt":{"rendered":"<p>Benef\u00edcios da \u00e1gua termo-mineral de Ilha Redonda &#8211; Palmitos &#8211; SC A uma temperatura de 37,7\u00baC na fonte e a 34\u00baC na 1\u00ba piscina coberta, nossa \u00e1gua proporciona muitos benef\u00edcios para a sa\u00fade humana: A\u00e7\u00e3o emoluente, cicatrizante, atuando tamb\u00e9m nas<\/p>\n","protected":false},"author":1,"featured_media":0,"parent":0,"menu_order":0,"comment_status":"closed","ping_status":"closed","template":"","meta":[],"_links":{"self":[{"href":"http:\/\/ilharedonda.com.br\/site\/wp-json\/wp\/v2\/pages\/43"}],"collection":[{"href":"http:\/\/ilharedonda.com.br\/site\/wp-json\/wp\/v2\/pages"}],"about":[{"href":"http:\/\/ilharedonda.com.br\/site\/wp-json\/wp\/v2\/types\/page"}],"author":[{"embeddable":true,"href":"http:\/\/ilharedonda.com.br\/site\/wp-json\/wp\/v2\/users\/1"}],"replies":[{"embeddable":true,"href":"http:\/\/ilharedonda.com.br\/site\/wp-json\/wp\/v2\/comments?post=43"}],"version-history":[{"count":31,"href":"http:\/\/ilharedonda.com.br\/site\/wp-json\/wp\/v2\/pages\/43\/revisions"}],"predecessor-version":[{"id":635,"href":"http:\/\/ilharedonda.com.br\/site\/wp-json\/wp\/v2\/pages\/43\/revisions\/635"}],"wp:attachment":[{"href":"http:\/\/ilharedonda.com.br\/site\/wp-json\/wp\/v2\/media?parent=43"}],"curies":[{"name":"wp","href":"https:\/\/api.w.org\/{rel}","templated":true}]}}