{"id":7,"date":"2017-10-25T16:34:08","date_gmt":"2017-10-25T18:34:08","guid":{"rendered":"http:\/\/ilharedonda.com.br\/site\/?page_id=7"},"modified":"2026-04-06T13:39:13","modified_gmt":"2026-04-06T16:39:13","slug":"historia","status":"publish","type":"page","link":"http:\/\/ilharedonda.com.br\/site\/historia\/","title":{"rendered":"Hist\u00f3ria"},"content":{"rendered":"<blockquote><p>NOSSO DIFERENCIAL<\/p>\n<p>Localizado pr\u00f3ximo \u00e0s margens do Rio Uruguai como atrativo natural para pesca e esportes n\u00e1uticos, rodeado por uma natureza de gramados bem aparados e muita sombra, o Balne\u00e1rio \u00e9 conhecido como sendo um lugar tranquilo onde o visitante pode realmente descansar e ter seu lazer em contato com a natureza local e usufruir das preciosas \u00e1guas termais minerais \u00e0 37,7\u00baC na fonte que proporcionam muitos benef\u00edcios para sa\u00fade humana.<br \/>\nAtendemos aos visitantes o ano todo em 2 turnos(08:00 as 12:00 e 13:30 as 18:00 horas) estendendo-se na alta temporada o turno da tarde at\u00e9 as 20:00 horas.<\/p><\/blockquote>\n<p>Em 1907 surgiu um Senhor chamado Manuel Francisco dos Santos, com sua esposa Dona Maria Sabina da Concei\u00e7\u00e3o, \u00e0s margens do Rio Uruguai no local denominado Cascata, em terras Ga\u00fachas. Notaram que do outro lado a ca\u00e7a era abundante (Ilha Redonda). Atravessou o rio com uma canoa e l\u00e1 seu Manuel em uma de suas ca\u00e7as abate sua presa e pede para Maria Sabina busca-la. No local um grande banhado, Dona Maria cai num sumidouro e pede socorro. Notam a\u00ed o calor das \u00e1guas. Cavam banheiras em cedro e canjerana para banhar-se.<\/p>\n<p>O casal programa viagem a Nonoai-RS para fazer suas compras, e, espalham o achado a popula\u00e7\u00e3o e a curandeiro, estes se encarregam de espalhar e a receitar as \u00e1guas quentes, come\u00e7am a aparecer os que buscam sa\u00fade.<\/p>\n<p>Em 1911 surge o primeiro morador de Ilha Redonda, a fam\u00edlia \u00c1vila de Lima.<\/p>\n<p>Em 1915 a Companhia DAHNE CONCEI\u00c7\u00c3O mede as terras para coloniza\u00e7\u00e3o, at\u00e9 ent\u00e3o pertencentes ao Estado. Frederico Jorge Logemann requere 79 hectares de terras onde est\u00e1 localizada as Thermas da Ilha. Em 1921 chegam a Ilha as fam\u00edlias Knapp e Hoehne que vinham em busca de resolver problemas de sa\u00fade.<\/p>\n<p>Em 1924 Frederico constr\u00f3i um moderno Hotel aos padr\u00f5es da \u00e9poca Grande Hotel. Dentre seus v\u00e1rios gerentes o amigo alem\u00e3o Henrique Claudy que veio a Ilha para resolver seus problemas de sa\u00fade decorrentes da Primeira Guerra Mundial (1914). O Grande Hotel desativado ap\u00f3s as enchentes de 1983 e 1984 at\u00e9 o ano 2012 foi totalmente revitalizado, reabrindo suas portas em novembro de 2012<\/p>\n<p>Tamb\u00e9m no mesmo ano (1924) Frederico constr\u00f3i o primeiro balne\u00e1rio de madeira para maior conforto dos turistas que at\u00e9 ent\u00e3o se utilizavam das banheiras cavadas pelo casal de ca\u00e7adores e outras cavadas por ele.<\/p>\n<p>Os banhistas que vinha do Rio Grande do Sul faziam a travessia do rio em uma grande canoa especialmente constru\u00edda para esse fim.<\/p>\n<p>Em 1938 Logemann oficialmente requer o direito de lavras das \u00e1guas minerais junto ao Departamento Nacional de Produ\u00e7\u00e3o Mineral (DNPM).<\/p>\n<p>At\u00e9 meados dos anos 40 a Ilha era bastante freq\u00fcentada, mas foi da\u00ed que ela se tornou mais conhecida e famosa pelo poder curativo de suas \u00e1guas thermais.<\/p>\n<p>Em 1945 Henrique Claudy at\u00e9 ent\u00e3o gerente do Grande Hotel constr\u00f3i o seu pr\u00f3prio, Hotel Brasil, at\u00e9 hoje em atividades, o curioso que ele deu esse nome para evitar persegui\u00e7\u00f5es por ser imigrante.<\/p>\n<p>Com o aumento do fluxo de turistas e tr\u00e1fego de autom\u00f3veis vindo do Rio Grande do Sul tornou-se necess\u00e1rio a instala\u00e7\u00e3o de uma barca para travessia do rio.<\/p>\n<p>No in\u00edcio dos anos 50 a fam\u00edlia Erpen edifica o Hotel Gl\u00f3ria, desativado em 2013 pela fam\u00edlia, estando a venda para interessados no ramo de Hotelaria.<\/p>\n<p>Em 1952 Helmuth Timm assume a ger\u00eancia do Balne\u00e1rio e inicia uma nova forma de capta\u00e7\u00e3o das tr\u00eas fontes Minerais e inicia as obras de constru\u00e7\u00e3o do novo balne\u00e1rio em alvenaria, considerado de padr\u00e3o sofisticado a \u00e9poca, para atender a demanda e maior conforto dos turistas, colocando banheiras com \u00e1guas quentes, sendo que a constru\u00e7\u00e3o ficou conclu\u00edda no ano de 1957.(em atividades hoje).<\/p>\n<p>Em 1957 Ilha Redonda ganha mais um hotel o (Lucca) e a pens\u00e3o (T\u00edvolli) totalmente destru\u00eddos pelas grandes enchentes de 1965.<\/p>\n<p>A fam\u00edlia Logemann administra as Thermas at\u00e9 o ano de 1987, quando repassa a administra\u00e7\u00e3o do balne\u00e1rio ao Poder P\u00fablico Municipal de Palmitos.<\/p>\n<p>Em 1989 \u00e9 perfurado um po\u00e7o que surpreendentemente jorra 27 mil litros\/hora, que abastece piscinas e banheiras a uma temperatura de 37\u00baC na fonte por gravidade somando-se as outras tr\u00eas fontes j\u00e1 existentes.<\/p>\n<p>Em 1999 a Fam\u00edlia Logemann decide vender o Balne\u00e1rio e na oportunidade tr\u00eas empres\u00e1rios Palmitenses compram o complexo Termal.<\/p>\n<p>Em 2002 foi fundada a Pousada Recanto da Ilha Redonda, localizada na margens do Rio Uruguai oferecendo um espa\u00e7o jovem e diferenciado unindo o r\u00fastico ao refinado para maior comodidade aos visitantes e seus clientes, oferecendo tamb\u00e9m servi\u00e7os de pesca esportiva, passeio de barco e outros.<\/p>\n<blockquote><p>ESTRUTURA F\u00cdSICA DO COMPLEXO<\/p>\n<p>1 Pr\u00e9dio constru\u00eddo nos anos 50 onde funciona a recep\u00e7\u00e3o, loja, vesti\u00e1rios e sanit\u00e1rios, 3 banheiras de hidromassagem, 2 banheiras de imers\u00e3o, guarda volumes e torneiras onde o visitante pode beber e levar \u00e1gua termal mineral direto da fonte; Uma lanchonete com capacidade em \u00e1rea coberta para 100 pessoas que atende o ano todo no mesmo hor\u00e1rio de banhos com card\u00e1pio (past\u00e9is, torrada, por\u00e7\u00f5es, bebidas e sorvetes), TV SMART 42 pol c\/SKY ; Uma \u00e1rea com sombra para chimarr\u00e3o, atualmente com acesso free; 3 conjuntos de vesti\u00e1rios\/sanit\u00e1rios localizados pr\u00f3ximos as piscinas e lanchonete; 01 chuveir\u00e3o de 13&#215;6 m semicoberto; 01 piscina p\/adultos coberta 17&#215;9 e 02 piscinas p\/crian\u00e7as cobertas de 4&#215;5 (todas abastecidas com pura \u00e1gua termal mineral direto da fonte sem tratamento qu\u00edmico \u2013 troca da \u00e1gua e limpeza di\u00e1ria das piscinas); 01 piscina p\/adultos coberta 17&#215;8,5m com tratamento\/filtro; 01 piscina ol\u00edmpica aberta 20x50m com \u00e1gua tratada (limpeza semanal); 01 tobog\u00e3 de 27 m com piscina 4x11m e piscina infantil com escorregador (\u00e1gua tratada\/filtro). Mais de 450m\u00b2 de \u00e1rea para banho de sol e em torno de 650m\u00b2 de \u00e1rea com sombra junto as piscinas. OBS.: Todo o complexo de piscinas e banheiras \u00e9 abastecido por um po\u00e7o artesiano jorrante de 150 m de profundidade que fornece 27 mil litros\/hora de \u00e1gua termo mineral \u00e0 37,7\u00baC. sendo o PH de 8,66. CLASSIFICA\u00c7\u00c3O DA \u00c1GUA: \u00c1gua Mineral Alcalino-Bicarbonatada, Sulfatada, Fluoretada, Litinada, Sulfurosa na Fonte e Isotermal na Fonte. (Atende os crit\u00e9rios legais de ingest\u00e3o humana, cf. RDC ANVISA 274\/05 E 275\/05 E cf. AN\u00c1LISE DO LAMIN).AS \u00c1GUAS TERMAIS DE ILHA REDONDA S\u00c3O CONSIDERADAS ENTRE AS MELHORES DO BRASIL.<\/p><\/blockquote>\n","protected":false},"excerpt":{"rendered":"<p>NOSSO DIFERENCIAL Localizado pr\u00f3ximo \u00e0s margens do Rio Uruguai como atrativo natural para pesca e esportes n\u00e1uticos, rodeado por uma natureza de gramados bem aparados e muita sombra, o Balne\u00e1rio \u00e9 conhecido como sendo um lugar tranquilo onde o visitante<\/p>\n","protected":false},"author":1,"featured_media":0,"parent":0,"menu_order":0,"comment_status":"closed","ping_status":"closed","template":"","meta":[],"_links":{"self":[{"href":"http:\/\/ilharedonda.com.br\/site\/wp-json\/wp\/v2\/pages\/7"}],"collection":[{"href":"http:\/\/ilharedonda.com.br\/site\/wp-json\/wp\/v2\/pages"}],"about":[{"href":"http:\/\/ilharedonda.com.br\/site\/wp-json\/wp\/v2\/types\/page"}],"author":[{"embeddable":true,"href":"http:\/\/ilharedonda.com.br\/site\/wp-json\/wp\/v2\/users\/1"}],"replies":[{"embeddable":true,"href":"http:\/\/ilharedonda.com.br\/site\/wp-json\/wp\/v2\/comments?post=7"}],"version-history":[{"count":11,"href":"http:\/\/ilharedonda.com.br\/site\/wp-json\/wp\/v2\/pages\/7\/revisions"}],"predecessor-version":[{"id":751,"href":"http:\/\/ilharedonda.com.br\/site\/wp-json\/wp\/v2\/pages\/7\/revisions\/751"}],"wp:attachment":[{"href":"http:\/\/ilharedonda.com.br\/site\/wp-json\/wp\/v2\/media?parent=7"}],"curies":[{"name":"wp","href":"https:\/\/api.w.org\/{rel}","templated":true}]}}